to base 8
-74
Convert 124 (base 8) to base 12.
70
What is 66 (base 7) in base 5?
143
What is -3 (base 6) in base 9?
-3
56 (base 8) to base 9
51
Convert -261 (base 7) to base 4.
-2031
10101011 (base 2) to base 7
333
What is 5 (base 12) in base 16?
5
Convert 25 (base 14) to base 8.
41
-108 (base 11) to base 15
-89
What is -253 (base 9) in base 8?
-322
11020 (base 3) to base 6
310
What is -1021 (base 4) in base 7?
-133
Convert -6 (base 7) to base 3.
-20
Convert 2 (base 4) to base 3.
2
-40 (base 10) to base 5
-130
What is -112220 (base 3) in base 9?
-486
Convert -93 (base 14) to base 11.
-108
What is -41 (base 8) in base 11?
-30
Convert 11 (base 10) to base 2.
1011
-20 (base 4) to base 3
-22
What is -4 (base 10) in base 16?
-4
What is 1123 (base 6) in base 4?
10023
Convert -13 (base 14) to base 11.
-16
What is 1 (base 6) in base 11?
1
-1111 (base 3) to base 15
-2a
4 (base 6) to base 15
4
-3 (base 11) to base 2
-11
What is -23 (base 7) in base 14?
-13
-2d (base 15) to base 12
-37
Convert -1 (base 3) to base 5.
-1
-3 (base 6) to base 16
-3
11 (base 5) to base 15
6
Convert 104 (base 11) to base 13.
98
Convert -551 (base 6) to base 9.
-254
Convert -10011110 (base 2) to base 13.
-c2
Convert -211 (base 3) to base 7.
-31
What is -3 (base 13) in base 12?
-3
Convert 2213 (base 4) to base 14.
bd
What is -4 (base 12) in base 10?
-4
-202 (base 4) to base 15
-24
What is 0 (base 4) in base 7?
0
What is -20 (base 9) in base 15?
-13
Convert 2 (base 3) to base 6.
2
What is -10201 (base 3) in base 8?
-144
Convert 2 (base 13) to base 12.
2
Convert 7 (base 8) to base 14.
7
-1 (base 10) to base 5
-1
-1 (base 13) to base 7
-1
48 (base 9) to base 3
1122
Convert -139 (base 13) to base 16.
-d9
What is -1 (base 10) in base 9?
-1
Convert 7 (base 8) to base 5.
12
-101101 (base 2) to base 7
-63
What is -2 (base 5) in base 3?
-2
What is 1 (base 11) in base 15?
1
Convert 0 (base 7) to base 3.
0
What is 21 (base 14) in base 5?
104
Convert 312 (base 5) to base 2.
1010010
What is 9 (base 13) in base 10?
9
Convert -78 (base 9) to base 15.
-4b
97 (base 11) to base 5
411
What is -1101100 (base 2) in base 9?
-130
-41 (base 8) to base 4
-201
Convert -10 (base 9) to base 7.
-12
12 (base 4) to base 3
20
-3 (base 6) to base 12
-3
10010100 (base 2) to base 12
104
What is a (base 11) in base 5?
20
What is -a (base 13) in base 12?
-a
Convert -58 (base 11) to base 9.
-70
-80 (base 14) to base 11
-a2
What is -234 (base 6) in base 3?
-10111
-13 (base 6) to base 8
-11
What is -90 (base 10) in base 7?
-156
Convert -34 (base 5) to base 16.
-13
What is -10 (base 11) in base 2?
-1011
What is 13 (base 7) in base 2?
1010
What is 5c (base 15) in base 4?
1113
-23 (base 5) to base 12
-11
What is -163 (base 9) in base 5?
-1023
What is -16 (base 10) in base 16?
-10
Convert 311 (base 4) to base 15.
38
What is 111 (base 4) in base 11?
1a
Convert -11122 (base 4) to base 11.
-295
Convert 0 (base 9) to base 4.
0
-a4 (base 11) to base 5
-424
Convert -11 (base 4) to base 3.
-12
-4 (base 7) to base 11
-4
Convert -110 (base 2) to base 11.
-6
Convert -2 (base 12) to base 6.
-2
What is 71 (base 8) in base 12?
49
-30 (base 5) to base 10
-15
What is 1100001 (base 2) in base 11?
89
Convert -4 (base 8) to base 15.
-4
What is 19 (base 15) in base 16?
18
What is 162 (base 9) in base 12?
b5
What is 2d (base 15) in base 2?
101011
Convert -7 (base 8) to base 7.
-10
What is 0 (base 7) in base 3?
0
Convert -513 (base 7) to base 12.
-193
Convert 51 (base 15) to base 14.
56
Convert 11 (base 3) to base 15.
4
Convert -4 (base 7) to base 6.
-4
1101000 (base 2) to base 7
206
1 (base 15) to base 11
1
23 (base 14) to base 11
29
Convert 8 (base 12) to base 6.
12
Convert 13 (base 11) to base 12.
12
What is -20 (base 3) in base 13?
-6
Convert -100010101 (base 2) to base 6.
-1141
What is 2 (base 9) in base 14?
2
Convert 6 (base 11) to base 9.
6
248 (base 13) to base 10
398
Convert 144 (base 5) to base 6.
121
-1c (base 13) to base 10
-25
What is 1 (base 6) in base 14?
1
Convert 0 (base 9) to base 11.
0
Convert 4 (base 13) to base 10.
4
530 (base 7) to base 8
412
What is -2 (base 15) in base 13?
-2
Convert 1 (base 10) to base 3.
1
What is 1 (base 7) in base 9?
1
Convert 69 (base 15) to base 9.
120
0 (base 9) to base 5
0
What is 47 (base 10) in base 7?
65
Convert 2 (base 7) to base 13.
2
31 (base 13) to base 9
44
Convert 31 (base 9) to base 16.
1c
-11 (base 3) to base 5
-4
Convert 37 (base 9) to base 15.
24
What is -3 (base 8) in base 7?
-3
What is -c4 (base 14) in base 10?
-172
-22200 (base 3) to base 13
-150
What is 0 (base 6) in base 10?
0
What is -10111 (base 2) in base 11?
-21
What is 5 (base 15) in base 12?
5
13 (base 16) to base 11
18
30 (base 14) to base 7
60
Convert 13 (base 8) to base 6.
15
20 (base 4) to base 7
11
Convert -26 (base 8) to base 2.
-10110
What is -32 (base 13) in base 11?
-38
Convert 231 (base 4) to base 9.
50
What is -2120 (base 3) in base 13?
-54
Convert -43 (base 5) to base 6.
-35
Convert 36 (base 12) to base 11.
39
What is -12 (base 14) in base 15?
-11
-43 (base 16) to base 14
-4b
Convert 3 (base 9) to base 16.
3
What is 275 (base 9) in base 14?
126
What is 416 (base 9) in base 5?
2324
Convert 1 (base 11) to base 10.
1
What is 10101 (base 2) in base 7?
30
Convert 51 (base 13) to base 7.
123
What is 20 (base 5) in base 8?
12
What is 26 (base 8) in base 14?
18
Convert -114 (base 14) to base 8.
-326
-102 (base 6) to base 4
-212
3200 (base 4) to base 8
340
What is 128 (base 10) in base 14?
92
What is 48 (base 16) in base 9?
80
-11221 (base 3) to base 2
-10000101
What is 12 (base 3) in base 2?
101
What is 5 (base 6) in base 10?
5
Convert -49 (base 11) to base 9.
-58
57 (base 10) to base 4
321
What is 1111 (base 4) in base 6?
221
33 (base 15) to base 7
66
1 (base 13) to base 5
1
-10 (base 3) to base 2
-11
0 (base 8) to base 2
0
Convert -d (base 16) to base 9.
-14
Convert 13 (base 4) to base 3.
21
What is 2 (base 9) in base 14?
2
What is -210 (base 4) in base 8?
-44
What is -1 (base 11) in base 14?
-1
What is 2 (base 5) in base 2?
10
What is 2 (base 9) in base 10?
2
Convert 4 (base 13) to base 7.
4
10 (base 2) to base 16
2
Convert -2213 (base 4) to base 8.
-247
Convert 124 (base 7) to base 6.
151
Convert -2 (base 6) to base 9.
-2
2 (base 14) to base 6
2
0 (base 10) to base 15
0
Convert -52 (base 7) to base 6.
-101
Convert 54 (base 11) to base 6.
135
Convert -5 (base 9) to base 15.
-5
Convert 21 (base 13) to base 9.
30
What is -3 (base 12) in base 6?
-3
What is -2222 (base 3) in base 4?
-1100
115 (base 7) to base 16
3d
10200 (base 3) to base 8
143
-1300 (base 4) to base 2
-1110000
Convert -3 (base 11) to base 3.
-10
Convert 5 (base 16) to base 14.
5
2 (base 12) to base 14
2
3 (base 14) to base 7
3
Convert -1 (base 16) to base 10.
-1
Convert 44 (base 11) to base 6.
120
What is 7b (base 13) in base 3?
10210
What is 1 (base 14) in base 3?
1
-1100 (base 2) to base 3
-110
What is 101011 (base 2) in base 6?
111
What is -146 (base 9) in base 5?
-443
What is 1 (base 10) in base 7?
1
105 (base 6) to base 3
1112
What is 14 (base 10) in base 9?
15
Convert -45 (base 6) to base 2.
-11101
-20 (base 13) to base 11
-24
Convert -113 (base 7) to base 14.
-43
12222 (base 3) to base 8
241
20 (base 3) to base 6
10
What is 1210 (base 3) in base 8?
60
11 (base 7) to base 9
8
What is -100010 (base 2) in base 10?
-34
-12 (base 12) to base 9
-15
Convert -3 (base 9) to base 11.
-3
What is 1 (base 5) in base 4?
1
What is 5 (base 14) in base 3?
12
Convert -1 (base 6) to base 9.
-1
0 (base 10) to base 13
0
Convert -9c (base 16) to base 12.
-110
Convert -1 (base 13) to base 7.
-1
-112 (base 4) to base 11
-20
What is -6 (base 10) in base 6?
-10
What is -4 (base 6) in base 15?
-4
What is 16a (base 15) in base 11?
276
Convert -136 (base 7) to base 2.
-1001100
165 (base 11) to base 8
300
Convert 2 (base 14) to base 15.
2
-66 (base 10) to base 14
-4a
Convert 36 (base 9) to base 4.
201
-1 (base 13) to base 11
-1
e (base 15) to base 3
112
-7 (base 11) to base 12
-7
What is 207 (base 8) in base 3?
12000
-66 (base 7) to base 6
-120
What is 1 (base 15) in base 11?
1
Convert 1 (base 2) to base 11.
1
What is 170 (base 8) in base 14?
88
What is 0 (base 5) in base 14?
0
What is -12 (base 9) in base 16?
-b
2 (base 14) to base 4
2
What is -1 (base 2) in base 14?
